uppose -2*o - 4*m - l = 0, -4*m = o + 4*o + 5. What is the units digit of (-12)/(20/(-12) - o)?
8
Let i = 1133 + -543. What is the tens digit of i?
9
Let t(w) = 384*w + 6. What is the tens digit of t(3)?
5
Suppose 188734 = -192*n + 226*n. What is the thousands digit of n?
5
Suppose 0 = -q - 2*q + 426. Suppose 4*k - q = 74. What is the tens digit of k?
5
Suppose 3*w - u - 227 = 0, -4*u = w - 2*u - 64. Let p = -51 + w. What is the tens digit of p?
2
Let j = 164 - 120. What is the units digit of j?
4
Suppose 2*k + 2*t + 467 = 2223, -3500 = -4*k - t. What is the units digit of k?
4
Let c = 132 - 123. What is the units digit of c?
9
Suppose y - 6 - 9 = 0. What is the units digit of -82*(y/(-10))/3?
1
Suppose 865 = 5*k - 2*x, -2*k - 5*x = 3*k - 830. What is the units digit of k?
1
Let l(d) = d**3 - 5*d**2 + 6*d - 1. Let z(k) = k**3 - 6*k**2 - 6*k - 3. Let p be z(7). What is the units digit of l(p)?
7
Let i(q) = -15*q**3 + q**2 + q. Let c(k) = k**2 + k - 6. Let r be c(5). Let h be -2*3/r*4. What is the units digit of i(h)?
5
Let n be 18 - (-2 + -1 + 0). Let p = n + -6. Suppose p*c - 15 = 12*c. What is the units digit of c?
5
Let m = 1052 + 2678. What is the tens digit of m/35 - 12/21?
0
What is the hundreds digit of 14/(84/(-6))*(-1212 + -1)?
2
Suppose -1049 = 5*f - 124. Let u = f - -267. What is the tens digit of u?
8
Let o(p) = 377*p + 17. What is the thousands digit of o(13)?
4
Let d = -62 - -70. What is the units digit of 12*(12/d + 4)?
6
Let i(y) = -y**3 + 8*y**2 - 13*y + 12. Let q be i(8). Suppose 4*j + 0*b - 5*b = -28, 0 = 2*b - 8. What is the units digit of q/j + (-2 - -3)?
7
What is the units digit of 1380 - (-2 + 3) - (-2 - -2)?
9
Let n(d) = -14*d**3 - 2*d - 1. Let u(x) = x + 13. Suppose 7*r + 2 = -z + 4*r, 3*r = 12. Let q be u(z). What is the tens digit of n(q)?
1
Let r = 22 + -22. Suppose -2*g - 4*z - 4 = r, -z - 9 = -5*g + 14. Suppose -5*l + 14 = -g*l. What is the tens digit of l?
1
Let c = -29 + 30. What is the units digit of (c + -4 + 77)/2?
7
Let g(h) = -4*h**3 - 3*h**2 + 14*h**2 + 3*h**3 + 12 - 5*h - 4*h**2. Let x be g(6). What is the units digit of 1112/x - (-2)/9?
2
Let p(m) = 19*m**3 + 2*m**2 - 5*m. What is the tens digit of p(3)?
1
Suppose 4 = 4*g, 403 = 3*n + 3*g + 121. What is the units digit of n?
3
Let d be (40 + 2)*27/18. Suppose 5*z = 92 + d. What is the tens digit of z?
3
Suppose 0 = 2*w - 12*w. Suppose 0 = 3*u + y + 3*y - 628, w = 4*u - 3*y - 829. What is the tens digit of u?
0
Let s = 21 + -16. Suppose -9*v = -s*v - 48. What is the tens digit of v?
1
Suppose -108 = -18*r + 16*r. Suppose -2*c - d + 66 = d, 0 = 2*c + 5*d - r. What is the units digit of c?
7
Suppose 0 = -5*f + 6*f + 29. Let x = f + 92. What is the units digit of x?
3
Let o = 8 + -5. Suppose 0 = -4*r - 3*j + 23, 3*r - o*j + 4*j - 21 = 0. What is the units digit of r?
8
Suppose -5*i = 5 - 55. Let d = -6 - -8. Suppose k + 4*k - 25 = -5*g, d*k + g = i. What is the units digit of k?
5
Let w = -492 + 736. What is the hundreds digit of w?
2
Let m(p) = -17*p - 24. Let v be m(-13). Let w = v + -100. What is the units digit of w?
7
Let z = 682 - 468. What is the units digit of z?
4
Let k be 15/90*(-12)/(-2). Suppose z - k = -2*h, -35 = -5*h + 2*z + 2*z. Suppose 0 = 3*p + 5*v - 86, 1 + h = v. What is the units digit of p?
2
What is the thousands digit of -5 - (-984)/(-6)*-30?
4
Let c(d) = -d**3 - 12*d**2 - 12*d + 4. What is the tens digit of c(-11)?
1
Let s(a) = -a**3 - 6*a**2 + 4*a - 5. Let v be s(-5). Let h = v - -95. What is the tens digit of h?
4
Let h = 5363 + -2665. What is the hundreds digit of h?
6
Let r be (-60)/(-27) - (-10)/(-45). What is the tens digit of (r/3)/((-20)/(-750))?
2
Let r be (-66)/15 - 3/5. Let u be 185/(-2)*4/r. Suppose -k - 5*h + 32 = 0, -3*h - u = -2*k - 10. What is the units digit of k?
2
Let z be (-3 + 1)*(-4 - 2). Suppose -4*w + 12 + z = 0. Let k = 2 + w. What is the units digit of k?
8
What is the tens digit of (-3 - 10/(-2))*(-1862)/(-4)?
3
Let l = 6 + -4. Let f(z) = 2*z + 3 + l*z - 3*z + 4. What is the units digit of f(-4)?
3
Suppose -3*k - 13826 + 3327 = -2*d, 0 = 4*d - 4*k - 20992. What is the hundreds digit of d?
2
Let m(n) = -2*n**3 + 7*n**2 - 21*n + 29. What is the tens digit of m(-9)?
4
Suppose -g + 2 = -2*h, 3*g + 3 = -3*h + 9. Let a = -22 - -22. Suppose h = -a*n + n + z - 39, -135 = -4*n + 3*z. What is the tens digit of n?
3
What is the hundreds digit of (11095/15 - 4)/(7/21)?
2
Suppose -4*c + 12213 = -a, 3 = -24*a + 21*a. What is the tens digit of c?
5
Suppose 45 = 3*o + 6*o. What is the units digit of o + -8 + 78/1?
5
Let l be (-10)/4 - 3/6. Let u be (-2 + (-4)/(-4))*l. What is the units digit of 6 + 0*u/(-9)?
6
Let v be ((-8)/14)/((-28)/98). Suppose v*t - t + 1 = 0. Let o(c) = 49*c**2 + c. What is the tens digit of o(t)?
4
Suppose 0 = -2*j - 2*s + 60, 10*j + 4*s - 148 = 5*j. Let x be (-14)/j*1*-4. Suppose 61 = x*t - q, t + 8 = -4*q + 25. What is the units digit of t?
9
Suppose 22*f - 91248 + 9210 = 0. What is the units digit of f?
9
Let y = 856 + -527. Suppose -4*c + k - 2*k = -437, 3*c - y = -2*k. What is the tens digit of c?
0
Let u = 212 + 37. What is the tens digit of u?
4
Suppose j + 2*a - 196 = -23, 4*a = 3*j - 559. Suppose 0 = g + t - j, -2*t + 152 = 5*g - 744. What is the units digit of g?
8
Let m(b) = b**2 - 4*b + 11. Let d = 14 - 9. Suppose -5*y - 26 = -3*t + 2*t, -d*y = -2*t + 32. What is the tens digit of m(t)?
2
Suppose 16 = -3*w + g - 241, -5*w + 2*g = 428. Let y = w - -146. What is the tens digit of y?
6
Suppose 0 = -i + 2*s + 940, 4*i - 28*s - 3815 = -31*s. What is the units digit of i?
0
Let v(k) = k**3 - 9*k**2 + 10*k + 80. What is the hundreds digit of v(10)?
2
Suppose -5*s + 6 = -3*g + 40, -g - 4*s = 0. Suppose -g*f + 0*f = -32. Suppose f*k + k - 395 = 0. What is the tens digit of k?
7
Suppose -3*y + n - 2 = -n, -12 = 4*y - 5*n. Suppose 5*w + 3*r - 203 = 0, y*r - 76 = -2*w + 6*r. Suppose 5*b - w = 70. What is the tens digit of b?
2
Let p be 42/8 + 2/(-8). Suppose -p*a + 33 + 152 = 0. Let m = 52 - a. What is the units digit of m?
5
Suppose -21*r + 25*r - 7780 = 0. What is the hundreds digit of r?
9
Suppose g + 351 = -2*q, -3*g + 905 = q - 6*q. Let p = q + 274. What is the tens digit of p?
9
Let u(o) be the first derivative of -4*o**2 + 3*o + 5. What is the tens digit of u(-8)?
6
Let z = 15 - -17. What is the units digit of (z/(-24))/((-8)/18)?
3
Let a be (-2718)/15*(-15)/6. Suppose 744 = 5*p + 2*k, 5*p = 3*k + 306 + a. What is the units digit of p?
0
Suppose 3*l - 2*l = 5*d + 552, 224 = -2*d + 2*l. Let c = 40 - d. What is the hundreds digit of c?
1
Suppose 4*f - 18 = 2*f - 2*d, -d - 3 = -2*f. Suppose 12 = f*g, 5*g - 19 = -p - 0*p. Suppose p*n = -0*n + 228. What is the units digit of n?
7
Let v(d) = -d**2 - 8*d - 2. Let h = 15 + -3. Let n = 5 - h. What is the units digit of v(n)?
5
Suppose -3*s = b - 121, 5*s + 38 + 311 = 3*b. What is the hundreds digit of b?
1
Let o(m) = 499*m**2 - 119*m + 2. What is the tens digit of o(-2)?
3
Suppose f = j - 2, -5*j - 9 - 21 = 5*f. What is the units digit of ((-214)/(-8))/(f/(-16))?
7
Suppose 0 = 14*o - 4475 - 47927. What is the hundreds digit of o?
7
Suppose 0 = -259*u + 252*u + 4333. What is the tens digit of u?
1
Let c(z) = z**3 - 3*z**2 + 4*z - 1. Let r be c(2). Suppose -r*x = 67 - 388. What is the hundreds digit of x?
1
Let w be (1 + 2 + -1)*(67 - -1). Suppose 5*i - 711 + w = 0. What is the tens digit of i?
1
Suppose -8362 = -5*f - 2*s, -3*f - 4*s + 6139 - 1119 = 0. What is the tens digit of f?
7
Let n be -2 - (1 + 21)/(-2). Suppose -4*u = -n*u + 120. What is the units digit of u?
4
Suppose -d + 939 = 4*b - 2012, 0 = -b - 4*d + 749. What is the hundreds digit of b?
7
Suppose 753 = -4*v + 6*v + 3*s, -s + 3 = 0. What is the units digit of v?
2
Let w be (0 - 15)*(-6)/15. Let r(q) = 6*q**2 + 1 + 317*q + 317*q - q**3 - 633*q. What is the units digit of r(w)?
7
What is the hundreds digit of 15/55 + 11060/22?
5
Suppose -35*v = -6058 - 9937. What is the units digit of v?
7
Suppose 37*h - 26*h = 7656. What is the hundreds digit of h?
6
Suppose 5*n - 1066 = j - 5*j, -256 = -j + 4*n. What is the hundreds digit of j?
2
Suppose -5*r = 4*n + 2 - 31, n = 3*r + 3. Suppose 8*w - n*w = 0. Let o = w - -6. What is the units digit of o?
6
Let z(w) = 3*w**2 - 5*w + 16. Let h be z(11